{"id":767,"date":"2024-01-19T16:18:33","date_gmt":"2024-01-19T16:18:33","guid":{"rendered":"https:\/\/bioterre.es\/?page_id=767"},"modified":"2024-05-15T16:15:12","modified_gmt":"2024-05-15T16:15:12","slug":"transporte","status":"publish","type":"page","link":"https:\/\/bioterre.es\/ca\/transporte\/","title":{"rendered":"Transport"},"content":{"rendered":"<h1 class=\"wp-block-heading\">TRANSPORT<\/h1>\n\n\n\n<p class=\" translation-block\">Benvolgut client, tenim <strong>tres <\/strong>opcions per servir-te amb el transport:<\/p>\n\n\n\n<h4 class=\"wp-block-heading\"><strong>1\u00aa opci\u00f3: Recollida a la nostra f\u00e0brica<\/strong><\/h4>\n\n\n\n<p>Pots venir tu mateix a recollir la teva compra, t'enviarem per email a la confirmaci\u00f3 de la mateixa, les dades que necessites com a pes i mesures de cada palet i ubicaci\u00f3 exacta.<\/p>\n\n\n\n<p>Segons els teus recursos ens avises si vindr\u00e0s amb un cami\u00f3 o si contractar\u00e0s un transportista o tr\u00e0iler per a la recollida. Tingues en compte que disposes de 15 dies per recollir-lo o sol\u00b7licitar devoluci\u00f3.<\/p>\n\n\n\n<p>Si per algun motiu creus que et ser\u00e0 impossible dur a terme la recollida, pots entrar en contacte amb nosaltres i sol\u00b7licitar el transport, dins dels 15 dies post-compra.<\/p>\n\n\n\n<iframe src=\"https:\/\/www.google.com\/maps\/embed?pb=!1m18!1m12!1m3!1d2962.042189602462!2d2.5438674759547326!3d42.06371505377248!2m3!1f0!2f0!3f0!3m2!1i1024!2i768!4f13.1!3m3!1m2!1s0x12bacfae98e3bcb1%3A0xfb49c001a00a2bb7!2sPromocions%20Bioterre!5e0!3m2!1ses-419!2sar!4v1705680014781!5m2!1ses-419!2sar\" width=\"600\" height=\"450\" style=\"border:0;\" allowfullscreen=\"\" loading=\"lazy\" referrerpolicy=\"no-referrer-when-downgrade\"><\/iframe>\n\n\n\n<h4 class=\"wp-block-heading\"><strong>&nbsp;<\/strong><\/h4>\n\n\n\n<h4 class=\"wp-block-heading\"><strong>2\u00aa opci\u00f3: Necessito transport (nom\u00e9s a la prov\u00edncia de Girona)<\/strong>)<\/h4>\n\n\n\n<p>Si selecciones aquesta opci\u00f3, ens posarem en contacte amb tu, t'enviarem pressupost i el facturarem a part de la compra si acceptes el pressupost.<\/p>\n\n\n\n<p>Els nostres recursos per servir la teva compra s\u00f3n limitats per\u00f2 adaptables.<\/p>\n\n\n\n<p>Disposem de dos camions amb grua i sense el que pot facilitar la desc\u00e0rrega si \u00e9s necessari. I si el lloc de lliurament disposa de recurs per a desc\u00e0rrega, el cami\u00f3 sense grua t\u00e9 m\u00e9s capacitat. T'ho detallem a continuaci\u00f3:<\/p>\n\n\n\n<p>*Tingues en compte que el preu del transport \u00e9s per viatges de cada cami\u00f3 (anada i tornada) i no per quantitat de palets carregats. Pagar\u00e0s el mateix si el cami\u00f3 va al m\u00e0xim o amb nom\u00e9s un palet!<\/p>\n\n\n\n<p>\u2013 Cami\u00f3 sense grua, capacitat per a 10 palets i requereix mitj\u00e0 de desc\u00e0rrega disponible al lloc de lliurament.<\/p>\n\n\n\n<p>\u2013 Cami\u00f3 amb grua, capacitat per a 6 palets.<\/p>\n\n\n\n<p>Aquests es poden combinar segons la quantitat de compra i el lloc de lliurament exacte. Per exemple, per a una entrega de gran quantitat on no hi ha recurs per a desc\u00e0rrega, es pot fer amb els dos camions junts.<\/p>\n\n\n<div class=\"wp-block-image\">\n<figure class=\"aligncenter size-large is-resized\"><img decoding=\"async\" width=\"1024\" height=\"768\" src=\"https:\/\/bioterre.es\/wp-content\/uploads\/2024\/01\/IMG_6118-1024x768.webp\" alt=\"\" class=\"wp-image-768\" style=\"width:633px;height:auto\" srcset=\"https:\/\/bioterre.es\/wp-content\/uploads\/2024\/01\/IMG_6118-1024x768.webp 1024w, https:\/\/bioterre.es\/wp-content\/uploads\/2024\/01\/IMG_6118-300x225.webp 300w, https:\/\/bioterre.es\/wp-content\/uploads\/2024\/01\/IMG_6118-768x576.webp 768w, https:\/\/bioterre.es\/wp-content\/uploads\/2024\/01\/IMG_6118-1536x1152.webp 1536w, https:\/\/bioterre.es\/wp-content\/uploads\/2024\/01\/IMG_6118-2048x1536.webp 2048w, https:\/\/bioterre.es\/wp-content\/uploads\/2024\/01\/IMG_6118-16x12.webp 16w, https:\/\/bioterre.es\/wp-content\/uploads\/2024\/01\/IMG_6118-600x450.webp 600w\" sizes=\"(max-width: 1024px) 100vw, 1024px\" \/><\/figure>\n<\/div>\n\n\n<p><\/p>\n\n\n\n<h4 class=\"wp-block-heading\"><strong>3\u00aa opci\u00f3: Per fora de Girona: Transport extern<\/strong><\/h4>\n\n\n\n<p>T'aconseguirem un tr\u00e0iler o un altre mitj\u00e0 de transport necessari segons el lloc de lliurament o el teu pressupost per a transport.<\/p>\n\n\n\n<p><strong>Lliuraments per a Barcelona Centre a Consultar.<\/strong><\/p>","protected":false},"excerpt":{"rendered":"<p>TRANSPORTE Estimado cliente, tenemos tres opciones para servirte con el transporte: 1\u00aa opci\u00f3n: Recogida en nuestra f\u00e1brica Puedes venir t\u00fa mismo a recoger tu compra, te enviaremos por email en la confirmaci\u00f3n de la misma, los datos que necesitas como peso y medidas de cada palet y ubicaci\u00f3n exacta. Seg\u00fan tus recursos nos avisas si [&hellip;]<\/p>","protected":false},"author":1,"featured_media":0,"parent":0,"menu_order":0,"comment_status":"closed","ping_status":"closed","template":"","meta":{"footnotes":""},"class_list":["post-767","page","type-page","status-publish","hentry"],"_links":{"self":[{"href":"https:\/\/bioterre.es\/ca\/wp-json\/wp\/v2\/pages\/767","targetHints":{"allow":["GET"]}}],"collection":[{"href":"https:\/\/bioterre.es\/ca\/wp-json\/wp\/v2\/pages"}],"about":[{"href":"https:\/\/bioterre.es\/ca\/wp-json\/wp\/v2\/types\/page"}],"author":[{"embeddable":true,"href":"https:\/\/bioterre.es\/ca\/wp-json\/wp\/v2\/users\/1"}],"replies":[{"embeddable":true,"href":"https:\/\/bioterre.es\/ca\/wp-json\/wp\/v2\/comments?post=767"}],"version-history":[{"count":1,"href":"https:\/\/bioterre.es\/ca\/wp-json\/wp\/v2\/pages\/767\/revisions"}],"predecessor-version":[{"id":1098,"href":"https:\/\/bioterre.es\/ca\/wp-json\/wp\/v2\/pages\/767\/revisions\/1098"}],"wp:attachment":[{"href":"https:\/\/bioterre.es\/ca\/wp-json\/wp\/v2\/media?parent=767"}],"curies":[{"name":"wp","href":"https:\/\/api.w.org\/{rel}","templated":true}]}}

<h1 class="wp-block-heading">TRANSPORT</h1>



<p class=" translation-block">Benvolgut client, tenim <strong>tres </strong>opcions per servir-te amb el transport:</p>



<h4 class="wp-block-heading"><strong>1ª opció: Recollida a la nostra fàbrica</strong></h4>



<p>Pots venir tu mateix a recollir la teva compra, t'enviarem per email a la confirmació de la mateixa, les dades que necessites com a pes i mesures de cada palet i ubicació exacta.</p>



<p>Segons els teus recursos ens avises si vindràs amb un camió o si contractaràs un transportista o tràiler per a la recollida. Tingues en compte que disposes de 15 dies per recollir-lo o sol·licitar devolució.</p>



<p>Si per algun motiu creus que et serà impossible dur a terme la recollida, pots entrar en contacte amb nosaltres i sol·licitar el transport, dins dels 15 dies post-compra.</p>



<iframe src="https://www.google.com/maps/embed?pb=!1m18!1m12!1m3!1d2962.042189602462!2d2.5438674759547326!3d42.06371505377248!2m3!1f0!2f0!3f0!3m2!1i1024!2i768!4f13.1!3m3!1m2!1s0x12bacfae98e3bcb1%3A0xfb49c001a00a2bb7!2sPromocions%20Bioterre!5e0!3m2!1ses-419!2sar!4v1705680014781!5m2!1ses-419!2sar" width="600" height="450" style="border:0;" allowfullscreen="" loading="lazy" referrerpolicy="no-referrer-when-downgrade"></iframe>



<h4 class="wp-block-heading"><strong>&nbsp;</strong></h4>



<h4 class="wp-block-heading"><strong>2ª opció: Necessito transport (només a la província de Girona)</strong>)</h4>



<p>Si selecciones aquesta opció, ens posarem en contacte amb tu, t'enviarem pressupost i el facturarem a part de la compra si acceptes el pressupost.</p>



<p>Els nostres recursos per servir la teva compra són limitats però adaptables.</p>



<p>Disposem de dos camions amb grua i sense el que pot facilitar la descàrrega si és necessari. I si el lloc de lliurament disposa de recurs per a descàrrega, el camió sense grua té més capacitat. T'ho detallem a continuació:</p>



<p>*Tingues en compte que el preu del transport és per viatges de cada camió (anada i tornada) i no per quantitat de palets carregats. Pagaràs el mateix si el camió va al màxim o amb només un palet!</p>



<p>– Camió sense grua, capacitat per a 10 palets i requereix mitjà de descàrrega disponible al lloc de lliurament.</p>



<p>– Camió amb grua, capacitat per a 6 palets.</p>



<p>Aquests es poden combinar segons la quantitat de compra i el lloc de lliurament exacte. Per exemple, per a una entrega de gran quantitat on no hi ha recurs per a descàrrega, es pot fer amb els dos camions junts.</p>


<div class="wp-block-image">
<figure class="aligncenter size-large is-resized"><img decoding="async" width="1024" height="768" src="https://bioterre.es/wp-content/uploads/2024/01/IMG_6118-1024x768.webp" alt="" class="wp-image-768" style="width:633px;height:auto" srcset="https://bioterre.es/wp-content/uploads/2024/01/IMG_6118-1024x768.webp 1024w, https://bioterre.es/wp-content/uploads/2024/01/IMG_6118-300x225.webp 300w, https://bioterre.es/wp-content/uploads/2024/01/IMG_6118-768x576.webp 768w, https://bioterre.es/wp-content/uploads/2024/01/IMG_6118-1536x1152.webp 1536w, https://bioterre.es/wp-content/uploads/2024/01/IMG_6118-2048x1536.webp 2048w, https://bioterre.es/wp-content/uploads/2024/01/IMG_6118-16x12.webp 16w, https://bioterre.es/wp-content/uploads/2024/01/IMG_6118-600x450.webp 600w" sizes="(max-width: 1024px) 100vw, 1024px" /></figure>
</div>


<p></p>



<h4 class="wp-block-heading"><strong>3ª opció: Per fora de Girona: Transport extern</strong></h4>



<p>T'aconseguirem un tràiler o un altre mitjà de transport necessari segons el lloc de lliurament o el teu pressupost per a transport.</p>



<p><strong>Lliuraments per a Barcelona Centre a Consultar.</strong></p>

<p>TRANSPORTE Estimado cliente, tenemos tres opciones para servirte con el transporte: 1ª opción: Recogida en nuestra fábrica Puedes venir tú mismo a recoger tu compra, te enviaremos por email en la confirmación de la misma, los datos que necesitas como peso y medidas de cada palet y ubicación exacta. Según tus recursos nos avisas si [&hellip;]</p>
